et f be g(t). Let r(k) = -f*k**2 + k + 9*k**2 + 4 + 2*k. Give r(3).
4
Let c(x) be the first derivative of -x**4/4 + 13*x**3/3 - 7*x**2 - 3*x - 605. Calculate c(12).
-27
Let q(d) = -2*d + 2. Let c(r) = -5*r + 5. Let u(z) = 3*c(z) - 8*q(z). Suppose -5*o + 61 - 287 = 3*t, 4*o + 221 = -3*t. Let l = t - -66. Give u(l).
-2
Let g(i) = 6*i**3 - 180*i**2 - 329*i - 75. Let k(t) = t**3 - 36*t**2 - 66*t - 14. Let m(d) = 2*g(d) - 11*k(d). Give m(-34).
4
Let o be (-5)/(-7) - 2/(-7). Let j(u) = 19*u + 42. Let a be j(-2). Suppose -a = -c - o. Let y(q) = q**3 - 3*q**2 + 4*q - 1. Give y(c).
11
Let i(m) = -m**2 + 53*m + 9387. Let v be i(127). Let r(f) = 80*f + 884. Calculate r(v).
4
Let d = 310 + -300. Let k(o) = -d*o + 0*o - 2*o**2 + o**3 - 9 + 2*o**2 + 5*o**2. Let p(f) = -f**2 - f - 6. Let j be p(0). What is k(j)?
15
Let j = -324939 + 324947. Let u(h) be the first derivative of -h**3/3 + 3*h**2/2 - 2*h - 1. Calculate u(j).
-42
Let m be ((-4)/(-5))/((-292)/5840). Let d(t) = t**3 + 16*t**2 - 2*t + 21. Give d(m).
53
Let o(r) = 3*r - 31. Let m be o(21). Suppose 5*b = -3*f + m, 3*f = -6*b + 2*b + 28. Let h(n) = -n + 1. Determine h(b).
-3
Let r(h) = -191*h - 9390. Let w be r(-49). Let x(o) = o**3 + 28*o**2 - 91*o + 38. Give x(w).
-24
Let l(y) = -y - 10. Let t(i) = -5*i - 2*i - 16 - 9*i + 8*i. Let u be t(-2). Suppose -4*j - 6 - 26 = u. Give l(j).
-2
Let x(d) = -d**3 + 2*d + 2. Suppose 5 = -k + t + 16, 0 = t + 5. Suppose -102 = -k*f - 114. Determine x(f).
6
Let u(y) be the first derivative of 3*y**2/2 - 49*y + 229. Calculate u(10).
-19
Let n(f) = f**2 - 6*f - 6. Let j be n(6). Let z(w) = -3*w - 9. Let h be z(j). Let i(y) = 9*y + 672. Let r(p) = -2*p - 134. Let x(v) = i(v) + 5*r(v). Give x(h).
-7
Let o(i) = 3*i**2 + 2517 - 57*i - 5026 + 5*i**2 + 2514. What is o(7)?
-2
Let t(m) = 8*m - 21. Let v(q) = -23*q + 43. Let b(x) = 10*t(x) + 4*v(x). Give b(-9).
70
Let p(d) = 2*d**2 + 4*d - 6. Let w(n) = 12*n - 273. Let u be w(23). Give p(u).
24
Let d(t) be the first derivative of -4*t**2 - 31*t + 45 + 2*t**2 + t**2 + 48*t. What is d(0)?
17
Let w(k) = -k. Let d(z) = -z**2 - 8*z - 7. Suppose -2*v + 141 = 5*b, -5*v - 6*b + 330 = -b. Let i = -62 + v. Let j(r) = i*d(r) - 2*w(r). Calculate j(-6).
-7
Let c = 2 + -2. Let x(k) = -3*k - k + 8*k + 8. Let z(a) = -a - 1. Let l(g) = -x(g) - 5*z(g). Give l(c).
-3
Let s(r) = -128*r + 1. Let p be (-6)/3 + 63/21. Calculate s(p).
-127
Let d(n) be the second derivative of -1/20*n**5 - 80*n + 1/3*n**4 + 0 + 0*n**3 + 5/2*n**2. Calculate d(4).
5
Suppose -44 - 4 = 4*g. Let t be (-12)/9 + (-64)/g. Let y(u) = -t + 6 - 3 - 5*u. Determine y(5).
-26
Let v(r) = -359 + 711 - 353 - 10*r + r**2. Give v(15).
74
Let g(a) = -7*a + 13. Let x = 10877 + -10873. Determine g(x).
-15
Let h(j) = j**3 + 8*j**2 - 6*j + 8. Let k = 1221 + -809. Let a = k - 421. Calculate h(a).
-19
Suppose 5*k + 4*g - 455 = 0, 2*g + 26 = k - 79. Suppose 5*s + k + 3 = 3*y, 4*y + s = 123. Let a = -28 + y. Let j(l) = l**3 - 2*l**2 - 4*l + 3. Give j(a).
0
Let p(l) = -l**3 + 2*l**2 - 3*l + 1. Let w be -2*(-4)/(-16)*-4. Suppose 2*n + 12*o - 11*o - 6 = 0, -10 = -w*n - 3*o. Determine p(n).
-5
Let t(y) = -2*y**2 + 5. Let w = 9 + -9. Let q be t(w). Suppose 45 = 5*a - q*u, -a + 14 = -3*u - 5. Let x(d) = 2*d - 6. Give x(a).
2
Let f(o) = 6*o + 27. Let h(z) be the third derivative of 9*z**2 - 1/12*z**4 - 3/2*z**3 + 0*z + 0. Let x(j) = -3*f(j) - 8*h(j). Determine x(-8).
7
Let c(a) = -a - 5. Let t = -11 + 4. Let d(y) be the third derivative of y**4/6 + 5*y**3/2 - 630*y**2. Let f(p) = t*c(p) - 2*d(p). What is f(6)?
-1
Let w be 16/(-6)*21/(-28). Suppose -6*o + 8 = -w*o. Let u(f) = -f**o + 4 - 3 + 3 - 9. Calculate u(0).
-5
Suppose 0 = 10*u + 11162 - 11092. Let l(a) = -4*a**2 - 26*a - 8. Determine l(u).
-22
Let i(w) = 5*w**3 - 30*w**2 + 83*w - 42. Let z(q) = 14*q**3 - 90*q**2 + 249*q - 128. Let y(u) = -11*i(u) + 4*z(u). Calculate y(27).
4
Let s(y) be the third derivative of 8 - 1/120*y**6 + 0*y - 4*y**2 + 1/12*y**5 + 5/24*y**4 + 7/6*y**3. What is s(6)?
1
Let o(x) be the first derivative of -1/4*x**4 + 5*x**2 + 5*x - 2*x**3 - 132. Calculate o(-7).
-16
Let u be 2/1*(-1)/(-2). Let p(q) = 7*q**3 - 4*q**2 + 12*q - 7. Let w(j) = 20*j**3 - 11*j**2 + 34*j - 20. Let c(v) = -17*p(v) + 6*w(v). Give c(u).
2
Let l(n) = 5*n + 44*n - 52*n. Let g(r) = -r**3 - 4*r**2 - 5*r - 3. Let a be g(-3). What is l(a)?
-9
Suppose 0 = 2*g - 0 + 14. Let y(m) = -6 + 50*m - 25*m - 2*m**3 - 14*m**2 - 10*m - 16*m. Give y(g).
1
Let x(j) = 1. Let d(h) = -h + 4. Let m(b) = d(b) - 4*x(b). Suppose 26*q - 42 = 19*q. Suppose -4*k = 2*p - 10, 7*k = 4*p + q*k + 7. Calculate m(p).
1
Let w(r) = -r**3 + 3*r**2 + 3*r - 3. Let m be (12 - (20 - 10))*2. What is w(m)?
-7
Let k(u) = -u + 12*u - 184 + 18*u - u**2 + 230 - 11*u. Give k(20).
6
Let j(y) be the third derivative of -y**4/24 - 11*y**3/6 + y**2 + 82*y. Calculate j(-10).
-1
Let k be -3 + -1 + (-1386)/48 + 33. Let w(y) be the third derivative of -k*y**4 + 13*y**2 + 0 + 1/2*y**3 + 0*y. What is w(2)?
-3
Let v(k) = -2*k**3 - 12*k**2 + 51*k + 20. Let a(o) = -o**3 - 6*o**2 + 27*o + 10. Let i(q) = -5*a(q) + 3*v(q). What is i(-8)?
-6
Let n(m) = m**3 - 2*m**2 - m - 3. Let f be (-10 - 8/4)*1. Let u = 62 + -52. Let q be (15/10 + -4)*f/u. What is n(q)?
3
Suppose 2*i = m - 4*m + 58, 0 = -4*i - m + 116. Let y be 1875/100*4*2/6. Let p(j) = -j + y*j**2 - i*j**2 + 4*j + j. What is p(3)?
-24
Let m(p) = p**3 - 12*p**2 + 13*p + 11. Suppose -113*n + 100 = -103*n. Determine m(n).
-59
Let a(z) = 19*z - 108. Let b = -734 - -740. Let v be a(b). Let o(x) = -2*x + 14. Calculate o(v).
2
Suppose -17*h + 24 + 95 = 0. Let d(f) = 7 - 260*f**2 + 520*f**2 + h*f - 262*f**2. Calculate d(6).
-23
Let f = 450 + -459. Let p be 18/10*45/f. Let r(s) = -s**3 - 10*s**2 - 10*s - 6. What is r(p)?
3
Let b(x) be the second derivative of -x**3/2 - 2*x**2 + 2*x + 672. Give b(2).
-10
Let o(m) be the first derivative of -3*m**4/4 - 3*m**2/2 + 4*m + 7514. Calculate o(-3).
94
Let k(y) = -6*y + 5*y - 8*y + 7 + 1 + 7*y. Let x be (-3 - -4)*(99 + -4). Let a be 57/x + (-74)/(-10). What is k(a)?
-8
Let l(t) = 2*t - 20. Suppose 0 = 126*r - 121*r - 20. Let s be l(r). Let v(w) = -w**2 - 9*w + 29. Let d be v(s). Let z(h) = -h**3 - 7*h**2 + h + 7. What is z(d)?
0
Let t(b) = 10*b**2 + 3*b + 2. Suppose -22*o + 4 = -20*o. Let h(w) = -31*w**o + 0 - 4 - 2 - 1 - 10*w. Let y(x) = 2*h(x) + 7*t(x). Determine y(-1).
7
Let z(f) = 2*f**2 + 23*f - 15. Suppose 414*g - 827*g - 70 = -406*g. Give z(g).
-45
Let h(n) be the third derivative of -n**7/5040 - 7*n**6/720 + n**5/60 + n**2. Let k(q) be the third derivative of h(q). Let d = -99024 + 99019. What is k(d)?
-2
Let r = -2227 + 2226. Let c(i) = i**3 + 2*i + 2. What is c(r)?
-1
Let q be 13/2 + 36/(-24). Let c(o) = -6*o + 22*o**3 - 5 - q*o**2 - 10*o**3 - 13*o**3. Give c(-4).
3
Let f(t) = t + 3. Suppose -3*o - 5*m = 68 - 69, 2*o = m + 5. Suppose 5*x + 0*v = -3*v - 12, -4*v - 2 = o*x. What is f(x)?
0
Let q(f) = 2*f - 5 + 22*f**2 + 2*f - 16*f**2 + f**3 + 0*f. Suppose 2*g - 230 = -5*k, -4*k + g = k - 215. Let z = k - 49. What is q(z)?
0
Let k(r) = -r + 446 + 433 + 433 - 1297. Give k(-15).
30
Let s = 7991 + -3215. Let r(n) = -4776 - n + s. Give r(-1).
1
Let h = 940 + -993. Suppose 3*p - 4*m + 30 = 220, -3*p - 2*m + 166 = 0. Let k = h + p. Let q(w) = w - 1. What is q(k)?
4
Let x(h) = h**2 - 3*h - 2. Let g be -1*4/8 - 7/2. Let q be (-7)/(84/(-40)) + g/(-6). Suppose 12*n + 16 = q*n. Determine x(n).
8
Suppose 15 = -5*k - 10, -2*u + 3*k = -9. Let t(h) be the third derivative of 1/20*h**5 - 49*h**2 + 1/8*h**4 + 0*h - 1/6*h**3 + 1/120*h**6 + 0. Determine t(u).
-10
Let w be ((-12)/9)/((-12)/63). Let l(a) = -a**2 + 43. Determine l(w).
-6
Let a = 354 + -349. Suppose a*i = -57 + 2. Let y(k) = k**3 + 11*k**2 + 2*k + 3. What is y(i)?
-19
Let n = -2 - -7. Let h(v) be the third derivative of -v**4/6 + v**3/6 - 486685*v**2. What is h(n)?
-19
Let d be 7/(-1) - (12 - 21). Let k(o) be the second derivative of 7*o**4/12 - 2*o**3/3 + o**2 - 6*o. Calculate k(d).
22
Let j(t) = -17*t - 53. Let w(q) = -155*q - 485. Let f(i) = -55*j(i) + 6*w(i). Determine f(-4).
-15
Let g(t) = t**2 - 4*t - 4. Let c be g(5). Let d be (14 + (-1 - -3))*(c - 0). Suppose -6*u = d + 2. Let m(h) = -3*h - 3. Calculate m(u).
6
Let b(p) = -p - 43. Suppose 5*t - 22*z + 21*z = 92, -34 = -t -